 q**3 + 12*q**2 + 18*q + 18. Let w be b(a). What is the greatest common factor of 13 and w?
13
Let j be (-22)/44*(-1 + -121). Let c = 66 - j. Calculate the greatest common factor of 5 and c.
5
Suppose 4*t = -3*n + 144, -3*n - 2*t = -0*n - 138. Let c = -72 + 160. Calculate the highest common divisor of n and c.
44
Let d(n) = n**2 + 6*n - 5. Let z = -31 - -21. Let f be d(z). Calculate the greatest common divisor of 14 and f.
7
Let k be 2/11 + (-194)/(-22). Let r = -50 - -71. Suppose 2*c + 3*d = r, -2*d + 6*d = 4*c - 92. What is the greatest common divisor of c and k?
9
Suppose -3*i = j - 3, 0*j = -3*j + 2*i - 13. Let m(w) = w**2 - 4*w - 11. Let l be m(j). Calculate the highest common factor of l and 40.
10
Let f be (1 + -2)*1 - 3. Let m = 36 + f. Calculate the greatest common divisor of m and 4.
4
Let v(y) = 11*y - 147. Let o be v(17). Calculate the greatest common divisor of 140 and o.
20
Suppose 3*r + 4 = -2*w, 6 = r - 4*w + w. Suppose 0 = -r*y - 2*y - 4. Let u = 4 - y. Calculate the highest common divisor of 54 and u.
6
Let v(t) = 10*t + 2. Let k be v(2). Let y = 355 + -245. What is the highest common factor of k and y?
22
Let p = 44 + -81. Let i be 2/6 - 628/12. Let c = p - i. Calculate the highest common divisor of 120 and c.
15
Suppose -4*a = -m + 32, -3*m + 5*a - 12 + 94 = 0. What is the greatest common factor of 552 and m?
24
Let f = 236 + -228. Calculate the greatest common divisor of f and 392.
8
Let c be (-2 + (-10)/(-6))*-6. Suppose 0*j + 4*v = c*j, -2*j = 3*v. Suppose j = 2*s - 0 - 2. Calculate the greatest common factor of 8 and s.
1
Let v(p) = 6*p**3 - 2*p**2 + 2*p - 1. Let u be 3 + 3 + (-4)/1. Let f be v(u). Suppose 0 = 5*o + 3 - f. Calculate the greatest common divisor of 8 and o.
8
Suppose 11*p - 2176 = 3*p. Calculate the greatest common factor of 16 and p.
16
Suppose 7*a - 2*m - 10 = 2*a, -3*a - 5*m + 37 = 0. Suppose -a*u + 9 = -5*u. Let c = u + 234. Calculate the greatest common factor of 25 and c.
25
Let v(r) = -r. Let h(o) = -5*o + 6. Let s(n) = 2*h(n) - 14*v(n). Let q be s(3). What is the greatest common divisor of 96 and q?
24
Let k = -235 - -290. Calculate the highest common divisor of k and 99.
11
Let x(g) = g**3 + 3*g**2 - g - 1. Let q be x(-3). Let p be (-397)/(-2) + q/(-4)*1. What is the highest common divisor of 22 and p?
22
Let l(o) be the first derivative of o**3/3 + 13*o - 2. Let m be l(3). Calculate the highest common factor of 22 and m.
22
Suppose -a + 2*h + 6 = 0, 0 = -4*h + 5*h. Let q = 10 - a. Suppose -2*f + 3*j = -91 + 32, -q*j = 2*f - 24. Calculate the highest common factor of f and 154.
22
Let a = -121 - -166. Suppose -15 = -3*v - 3*i - 0, -3*i = -2*v + 35. What is the greatest common factor of v and a?
5
Let a(i) = 4*i**2 + 7*i - 27. Let p be a(5). What is the highest common factor of p and 378?
54
Suppose -3*u - 14 = -2*h - 73, 95 = 5*u - 5*h. Calculate the highest common divisor of 105 and u.
21
Suppose -4*c + 83 = 2*m - 17, 0 = 3*c - 2*m - 68. Calculate the highest common divisor of 1896 and c.
24
Let m(y) be the second derivative of y**5/20 + y**4/3 - 5*y**3/3 - 7*y**2/2 - 18*y. Let c be m(-5). Calculate the greatest common divisor of c and 12.
6
Let r(g) = g**2 - 21*g + 61. Let a be r(18). What is the greatest common factor of a and 749?
7
Let y = 335 + -135. What is the highest common factor of 25 and y?
25
Let z be 270/36*(-2)/(-3). Suppose 40 = -z*w + 125. Calculate the highest common divisor of w and 136.
17
Suppose -8*k + 204 = 9*k. Calculate the greatest common divisor of k and 12.
12
Let p(h) = 2*h**3 + 18*h**2 + 13*h + 15. Let x be p(-7). Calculate the greatest common factor of x and 105.
15
Suppose 0 = -3*q - 2 + 35. Let z = 13 + q. Calculate the highest common factor of z and 48.
24
Let p(d) = 2*d**3 + 13*d**2 - 8*d + 4. Let j be p(-6). What is the greatest common factor of j and 55?
11
Suppose 109 = -2*p - 37. Let q = -49 - p. Suppose 2*x = q - 4. What is the highest common divisor of 2 and x?
2
Suppose -12*v + 58 + 386 = 0. What is the greatest common divisor of v and 111?
37
Let z = -225 - -231. Calculate the highest common factor of z and 396.
6
Let o = -15 + 22. Suppose 3*n - o*n + 32 = 0. Suppose 0*z + 2*z = 176. What is the highest common factor of n and z?
8
Let k be -3*(8/4 + -1) + 443. What is the greatest common factor of k and 40?
40
Suppose -5*z - 4*w = -w - 2154, 4*z + 3*w - 1722 = 0. Suppose 0*l + 5*m + 545 = 5*l, -3*m - z = -4*l. What is the greatest common factor of 21 and l?
21
Let w(c) = c**2 + 7*c - 4. Let h be w(-8). Let m be -6*h/8 - 12. Let i be (-170)/m - 2/(-3). Calculate the greatest common factor of 108 and i.
12
Let d(t) = 13*t - 3*t + 12*t + 2*t**2 + 21. Let i be d(-11). What is the highest common factor of i and 231?
21
Let c = 368 + -126. Suppose 58 = 3*v - 2*i, -3*v - 2*i + 82 = 2*i. What is the highest common factor of v and c?
22
Let d be ((-20)/(-14))/((130/(-280))/(-13)). Calculate the greatest common divisor of 30 and d.
10
Let n = -526 + 951. What is the greatest common factor of n and 170?
85
Let f be 4*8/32 + 146. What is the greatest common factor of 189 and f?
21
Suppose 367*n - 3864 = 346*n. Calculate the greatest common divisor of 828 and n.
92
Let x be (-4 + 16)/(-4) + 56. Let p = x + -26. Suppose 6*g = p + 81. Calculate the greatest common divisor of g and 198.
18
Suppose 4*z + 8 = 6*z. Suppose z*j - 196 = 4*t, 0 = 5*j + 5*t - 176 - 59. What is the highest common divisor of j and 24?
24
Suppose -91 = -16*z + 37. What is the highest common divisor of 376 and z?
8
Suppose 2*a + 3*p = 222, 5*p + 530 = 3*a + 2*a. Suppose 0*n + 5*n - 1080 = 0. Suppose 6*f - n = -2*f. Calculate the highest common divisor of a and f.
27
Suppose 4*p - 20*u + 19*u - 445 = 0, p - u = 115. Suppose -5*m + 50 = -2*z, 0*m - m + z = -10. Calculate the highest common factor of p and m.
10
Let x be (140/6)/((-2)/(-6)). Suppose 0 = 3*k - 3*g + 7*g - 68, -5*g - 20 = 0. Calculate the greatest common factor of k and x.
14
Let k = -488 - -530. Calculate the highest common divisor of k and 66.
6
Let h be ((-8)/(-7))/((-34)/(-119)). Calculate the highest common divisor of 268 and h.
4
Let l = 1892 + -1856. What is the greatest common factor of l and 342?
18
Let p = 39 + -35. Let x = 5 + p. Calculate the greatest common divisor of 99 and x.
9
Let a(y) = -y + 25. Let h be a(12). What is the greatest common divisor of 1261 and h?
13
Let t = 14 - 8. Let l be 63/t*4/6. Let n(c) = -6*c**3 + c**2 + 2*c + 1. Let k be n(-2). What is the highest common divisor of l and k?
7
Let l be (-37 - -107)/((1*2)/2). Suppose -5*r + l = -3*g - 18, -3*g - 68 = -4*r. Calculate the highest common divisor of 60 and r.
20
Suppose 223*k + 72 = 225*k. What is the greatest common factor of 10 and k?
2
Let j = 9 - -3. Let i(m) = m - 2. Let p(k) = 3*k + 35. Let r be p(-7). Let n be i(r). Calculate the greatest common factor of n and j.
12
Suppose 186*u - 22260 = 126*u. What is the highest common factor of u and 159?
53
Let q(v) = v**3 - 12*v**2 + 13*v - 18. Let l be q(11). Let p(w) = 85*w - 32. Let h be p(l). What is the highest common divisor of 28 and h?
28
Let f = 120 + -104. Let x be (18/12)/(38/f + -2). Calculate the greatest common divisor of 28 and x.
4
Suppose -n + 21 = 2*n. Let m be 2/5 + (-278)/(-5). Suppose 7 = -n*g + m. What is the greatest common factor of g and 35?
7
Suppose -161 = -11*z - 51. Let g be (68/(-5))/((-4)/z). Let b(c) = 5*c**2 + 3*c + 3. Let j be b(-2). Calculate the highest common divisor of g and j.
17
Let f(d) = d - 6. Let o be f(6). Let q(u) = -u**3 - 2*u**2 + u - 17. Let i be q(o). Let a = -2 - i. Calculate the highest common factor of 5 and a.
5
Suppose -3*f + 0*f = -9, 3*o + f = 36. Let m be 4/4*1*(8 - -2). Suppose -415 = -m*n + 135. Calculate the greatest common divisor of n and o.
11
Let f = 66 + -40. Let k be -21*7/63 - 65/(-15). Calculate the highest common factor of f and k.
2
Suppose -682 = -m + 3*o, 6*m = 10*m + 2*o - 2700. Calculate the greatest common divisor of m and 104.
52
Let a = -28 + 74. Let j = 49 - a. Calculate the greatest common factor of j and 12.
3
Suppose -5*m + 32 = -5*b + 202, 4*b + m - 116 = 0. Let g = 53 + -33. Calculate the greatest common divisor of b and g.
10
Suppose 0 = 33*l - 394 - 497. Calculate the highest common divisor of l and 774.
9
Suppose